{"id":569,"date":"2018-01-19T10:41:56","date_gmt":"2018-01-19T01:41:56","guid":{"rendered":"http:\/\/www.oceanecol.com\/?page_id=569"},"modified":"2018-01-19T10:41:56","modified_gmt":"2018-01-19T01:41:56","slug":"author-affiliations-bird-et-al-nature-ecology-evolution","status":"publish","type":"page","link":"https:\/\/www.oceanecol.com\/?page_id=569","title":{"rendered":"Author affiliations (Bird et al., Nature Ecology &#038; Evolution)"},"content":{"rendered":"<p><em><sup>1<\/sup>Ocean and Earth Science, University of Southampton, National Oceanography Centre, Southampton, UK. <sup>2<\/sup>CIBIO\u2014Research Center in Biodiversity and Genetic Resources, Vair\u00e3o, Portugal. <sup>3<\/sup>Virginia Institute of Marine Science, Gloucester Point, VA, USA. <sup>4<\/sup>College of Science &amp; Engineering, James Cook University, Cairns, Queensland, Australia. <sup>5<\/sup>IRBio, Department of Evolutionary Biology, Ecology and Environmental Sciences, University of Barcelona, Barcelona, Spain. <sup>6<\/sup>Department of Biology, College of Science, Sultan Qaboos Univeristy, Muscat, Oman. <sup>7<\/sup>NOAA, National Marine Fisheries Service, Southeast Fisheries Science Center, 3500 Delwood Beach Road, Panama City, FL, USA. 8Ifremer, Unit\u00e9 Halieutique Gascogne Sud, Laboratoire Ressources Halieutiques de La Rochelle, L\u2019Houmeau, France. 9Ifremer, Unit\u00e9 Littoral, Laboratoire Environnement Ressources Provence Azur Corse, La Seyne sur Mer, France. <sup>10<\/sup>FishWise, Santa Cruz, CA, USA. <sup>11<\/sup>Shark Research and Conservation Program, Cape Eleuthera Institute, Eleuthera, Bahamas. <sup>12<\/sup>Gladbachstrasse 60, Zurich, Switzerland. <sup>13<\/sup>Littoral Environnement et Soci\u00e9t\u00e9s (LIENSs), UMR 7266, CNRS-Universit\u00e9 de La Rochelle, La Rochelle, France. <sup>14<\/sup>Hopkins Marine Station of Stanford University, Pacific Grove, CA, USA. <sup>15<\/sup>MARE\u2014Marine and Environmental Sciences Centre, Department of Oceanography and Fisheries, University of the Azores, Azores, Portugal. <sup>16<\/sup>Estaci\u00f3n Biol\u00f3gica de Do\u00f1ana, Consejo Superior de Investigationes Cient\u00edficas (CSIC), Sevilla, Spain. <sup>17<\/sup>Centre d\u2019Etudes Biologiques de Chiz\u00e9, UMR 7372, CNRS-Universit\u00e9 de La Rochelle, Villiers-en-Bois, France. <sup>18<\/sup>Unite\u0301 Bioge\u0301 ochimie et E\u0301 cotoxicologie, Laboratoire de Bioge\u0301 ochimie des Contaminants Me\u0301 talliques, Nantes, France. <sup>19<\/sup>Marine Sciences Program, School of Environment, Arts and Society, Florida International University, North Miami, FL, USA. <sup>20<\/sup>CESIMAR Centro Nacional Patag\u00f3nico, CONICET (Consejo Nacional de Investigaciones Cient\u00edficas y T\u00e9cnicas), Puerto Madryn, Chubut, Argentina. <sup>21<\/sup>Laboratoire de Biologie Marine, Earth and Life Institute, Universit\u00e9 Catholique de Louvain, Louvain-la-Neuve, Belgium. <sup>22<\/sup>College of Fisheries and Ocean Sciences, Juneau Center, University of Alaska Fairbanks, Point Lena Loop Road, Juneau, AK, USA. <sup>23<\/sup>Ifremer, Unit\u00e9 Halieutique Manche Mer du Nord, Laboratoire Ressources Halieutiques de Boulogne, Boulogne-sur-Mer, France. <sup>24<\/sup>Port Elizabeth Museum at Bayworld, Port Elizabeth, South Africa. <sup>25<\/sup>Save Our Seas Foundation\u2014D\u2019Arros Research Centre (SOSF-DRC), Geneva, Switzerland. <sup>26<\/sup>University of Cape Town, Department of Biological Sciences, Cape Town, South Africa. <sup>27<\/sup>School of Pharmaceutical Sciences, Health Sciences University of Hokkaido, Hokkaido, Japan. <sup>28<\/sup>Departamento do Mar IPMA, Lisbon, Portugal. <sup>29<\/sup>Reef HQ, Great Barrier Reef Marine Park Authority, Townsville, Queensland, Australia. <sup>30<\/sup>Aquatic Biology, Department of Bioscience, Aarhus University, Aarhus C, Denmark. <sup>31<\/sup>School of Environment, Arts, and Society, Florida International University, North Miami, FL, USA. <sup>32<\/sup>Biological Sciences, University of Windsor, Windsor, Canada. <sup>33<\/sup>Department of Fisheries and Aquatic Sciences, University of Namibia, Henties Bay, Namibia. <sup>34<\/sup>Department of Biology, University of Victoria, Victoria, British Columbia, Canada. <sup>35<\/sup>Ocean Associates, Inc., Southwest Fisheries Science Center, National Marine Fisheries Service, National Oceanic and Atmospheric Administration, La Jolla, CA, USA. <sup>36<\/sup>Marine Sciences Program, Department of Biological Sciences, Florida International University, North Miami, FL, USA. <sup>37<\/sup>Centro de Investigacion para la Sustentabilidad, Facultad de Ecologia y Recursos Naturales, Universidad Andres Bello, Santiago, Chile. <sup>38<\/sup>Ifremer, Unit\u00e9 Sciences et Techniques Halieutiques, Laboratoire de Technologie et Biologie Halieutique, Lorient, France. <sup>39<\/sup>Division of Coastal Sciences, University of Southern Mississippi, Ocean Springs, MS, USA. <sup>40<\/sup>College of Marine Sciences, Shanghai Ocean University, Shanghai, China. <sup>41<\/sup>Institut de Recherche pour le D\u00e9veloppement (IRD), R 195 LEMAR, UMR 6539 (UBO, CNRS, IRD, IFREMER), Noum\u00e9a, New Caledonia. <sup>42<\/sup>Harvard University Center for the Environment, Harvard University, Cambridge, MA, USA. <sup>43<\/sup>Department of Biological Sciences, Simon Fraser University, Burnaby, British Columbia, Canada. <sup>44<\/sup>Earth to Ocean Research Group, Department of Biological Sciences, Simon Fraser University, Burnaby, British Columbia, Canada. <sup>45<\/sup>Marine Sciences Program, Florida International University, North Miami, FL, USA. <sup>46<\/sup>Texas Research Institute for Environmental Studies, Sam Houston State University, Huntsville, TX, USA. <sup>47<\/sup>Australian Institute of Marine Science, Indian Ocean Marine Research Centre, The University of Western Australia, Perth, Western Australia, Australia. <sup>48<\/sup>Mediterranean Istitute of Oceanography (MIO), Aix Marseille Universit\u00e9, Universit\u00e9 de Toulon, CNRS, IRD, 13288 Marseille, France. <sup>49<\/sup>Australian Rivers Institute, Griffith University, Nathan, Queensland, Australia. <sup>50<\/sup>Department of Environmental and Aquatic Animal Health, Virginia Institute of Marine Science, College of William &amp; Mary, Gloucester Point, VA, USA. <sup>51<\/sup>Department of Biological Sciences, Florida International University, North Miami, FL, USA. <sup>52<\/sup>Scottish Oceans Institute, School of Biology, University of St. Andrews, St. Andrews, UK. <sup>53<\/sup>CSIRO Oceans and Atmosphere, Hobart, Tasmania, Australia. <sup>54<\/sup>Department of Marine Biology, Texas A&amp;M University at Galveston, Galveston, TX, USA. <sup>55<\/sup>Department of Wildlife and Fisheries Sciences, Texas A&amp;M University, College Station, TX, USA. <sup>56<\/sup>Facultad de Ciencias Naturales e Ingenier\u00eda, Programa de Biolog\u00eda, Universidad de Bogot\u00e1 Jorge Tadeo Lozano Marina, Bogot\u00e1, Colombia. <sup>57<\/sup>Department of Environmental and Life Sciences, University of Newcastle, Newcastle, New South Wales, Australia. <sup>58<\/sup>Conservation Biology Division, Northwest Fisheries Science Center, National Marine Fisheries Service, National Oceanic and Atmospheric Administration, Seattle, WA, USA. <sup>59<\/sup>Instituto de Ecolog\u00eda, Pesquer\u00edas y Oceanograf\u00eda del Golfo de M\u00e9xico (EPOMEX), Universidad Aut\u00f3noma de Campeche (UAC), Campeche, Campeche, Mexico. <sup>60<\/sup>Earth to Oceans Group, Department of Biological Sciences, Simon Fraser University, Burnaby, British Columbia, Canada. <sup>61<\/sup>School of Marine and Atmospheric Sciences, Stony Brook University, Stony Brook, NY, USA. <sup>62<\/sup>Department of Environmental Conservation, University of Massachusetts Amherst, Amherst, MA, USA. <sup>63<\/sup>Department of the Interior Northeast Climate Science Center, Amherst, MA, USA. <sup>64<\/sup>Department of Biology, University of Victoria, Victoria, British Columbia, Canada. <sup>65<\/sup>WorldFish Timor-Leste, Dili, Timor-Leste. <sup>66<\/sup>Instituto Espa\u00f1ol de Oceanograf\u00eda, Centre Oceanogr\u00e0fic de les Balears, Palma, Spain. <sup>67<\/sup>The Guy Harvey Research Institute, Nova Southeastern University, Dania Beach, FL, USA. <sup>68<\/sup>State Key Laboratory in Marine Pollution, City University of Hong Kong, Kowloon, Hong Kong, China. <sup>69<\/sup>Department of Chemical Oceanography, Atmosphere and Ocean Research Institute, The University of Tokyo, Kashiwa, Japan. <sup>70<\/sup>National Oceanography Centre Southampton, Southampton, UK. Present address: <sup>71<\/sup>Centre for Environment, Fisheries, &amp; Aquaculture Sciences (CEFAS), Lowestoft, UK. <sup>72<\/sup>NOAA National Marine Fisheries Service, Southeast Regional Office, St. Petersburg, FL, USA. <sup>73<\/sup>National Oceanic and Atmospheric Administration, Southeast Fisheries Science Center, Panama City Laboratory, Delwood Beach Road, Panama City, FL, USA.<\/em><\/p>\n","protected":false},"excerpt":{"rendered":"<p>1Ocean and Earth Science, University of Southampton, National Oceanography Centre, Southampton, UK. 2CIBIO\u2014Research Center in Biodiversity and Genetic Resources, Vair\u00e3o, Portugal. 3Virginia Institute of Marine Science, Gloucester Point, VA, USA. 4College of Science &amp; Engineering, James Cook University, Cairns, Queensland, Australia. 5IRBio, Department of Evolutionary <a class=\"more-link\" href=\"https:\/\/www.oceanecol.com\/?page_id=569\">| Click for More \u2192<\/a><\/p>\n","protected":false},"author":1,"featured_media":0,"parent":0,"menu_order":0,"comment_status":"closed","ping_status":"closed","template":"","meta":{"footnotes":""},"class_list":["post-569","page","type-page","status-publish","hentry"],"_links":{"self":[{"href":"https:\/\/www.oceanecol.com\/index.php?rest_route=\/wp\/v2\/pages\/569","targetHints":{"allow":["GET"]}}],"collection":[{"href":"https:\/\/www.oceanecol.com\/index.php?rest_route=\/wp\/v2\/pages"}],"about":[{"href":"https:\/\/www.oceanecol.com\/index.php?rest_route=\/wp\/v2\/types\/page"}],"author":[{"embeddable":true,"href":"https:\/\/www.oceanecol.com\/index.php?rest_route=\/wp\/v2\/users\/1"}],"replies":[{"embeddable":true,"href":"https:\/\/www.oceanecol.com\/index.php?rest_route=%2Fwp%2Fv2%2Fcomments&post=569"}],"version-history":[{"count":1,"href":"https:\/\/www.oceanecol.com\/index.php?rest_route=\/wp\/v2\/pages\/569\/revisions"}],"predecessor-version":[{"id":570,"href":"https:\/\/www.oceanecol.com\/index.php?rest_route=\/wp\/v2\/pages\/569\/revisions\/570"}],"wp:attachment":[{"href":"https:\/\/www.oceanecol.com\/index.php?rest_route=%2Fwp%2Fv2%2Fmedia&parent=569"}],"curies":[{"name":"wp","href":"https:\/\/api.w.org\/{rel}","templated":true}]}}